 g. Calculate the greatest common divisor of v and 72.
24
Let b(w) = w**2 - 8*w - 6. Let q be b(8). Let l be (-6)/9 + (-106)/q. Calculate the greatest common factor of 153 and l.
17
Let a be (-1 + 3)*2/2. Suppose 0 = x + a*x - 18. What is the highest common factor of 4 and x?
2
Let z = -1 + 31. What is the highest common divisor of z and 45?
15
Suppose 2*p + 3*l - 32 = 0, -4*p + 23 = l - 21. Suppose -2*b + 12 = -v - p, 5*v = -b + 22. Calculate the greatest common divisor of 96 and b.
12
Suppose -y + 1 = -0*y. Let h be -1 + 0 + -9 + 18. What is the highest common divisor of y and h?
1
Let a be 10*4/((-24)/(-9)). Suppose 3*l - 23 = 22. Calculate the highest common factor of l and a.
15
Let j(n) = n**3 + n**2 - n - 1. Let i be j(-1). Suppose 0 = g + 5*q - 16, 3*g - 6*q + 2*q + 9 = i. What is the greatest common divisor of 9 and g?
1
Let r be (0 + 3)/(15/(-9) - -2). Calculate the greatest common factor of 99 and r.
9
Suppose 0 = 4*n - 0*n, -15 = -5*t + 4*n. Calculate the greatest common factor of t and 15.
3
Suppose -c - c = -80. Let z be (-1 - (0 - -1))*3. Let a be -1*(-15)/z*-2. What is the greatest common factor of c and a?
5
Suppose -5*a + 32 = -a. Let w be (-2)/(2 + -1)*-2. Suppose w*u + 28 + 12 = 5*s, -4*u = -2*s + 28. What is the greatest common factor of a and s?
4
Let u = -151 + 295. Let v be u + 0/(0 - -4). Calculate the greatest common divisor of 18 and v.
18
Suppose -39 = -2*y + y - x, 0 = -3*y + 4*x + 124. What is the greatest common factor of y and 8?
8
Let r(s) = 24*s. Let b be r(4). Suppose -3*j + 3*g + b = 0, 4*j + j - 160 = 4*g. What is the greatest common divisor of j and 8?
8
Let m = 137 + -97. What is the greatest common factor of m and 100?
20
Suppose 4*o + 12*o = 1296. What is the greatest common factor of 9 and o?
9
Let v = 1 + 4. Let q be 0/(4/(-2) - -3). Suppose v*d - 24 - 6 = q. What is the highest common divisor of 3 and d?
3
Let d be (-2)/7 + 12/(-7). Let k be 4 + (-1)/(-1) + d. Suppose -2*w + 17 = -2*s - 1, k*w - 6 = -4*s. What is the greatest common divisor of 6 and w?
6
Let p = 27 + 13. Let b(l) = -4*l + 4. Let z be b(7). Let m be ((-1)/3)/(1/z). What is the greatest common factor of p and m?
8
Suppose 3*h - 4*h = -2. Let b(m) = -m + 10. Let o be b(8). Suppose 3*v - o*v - 3 = 0. What is the greatest common divisor of v and h?
1
Suppose -405 = -5*w - 5*p, -p = 4*w - 4*p - 296. Calculate the greatest common factor of w and 14.
7
Suppose -9*t + 29 = -7. What is the highest common divisor of t and 4?
4
Let d be 474/54 - (-6)/27. What is the highest common factor of d and 81?
9
Let q(i) = i**2 - 13*i + 17. Let g be q(12). Suppose 4 = g*l - 81. Calculate the greatest common factor of 51 and l.
17
Let m(w) = w**2 + w + 2. Let y be m(-2). Suppose n - 13 = -y. Calculate the highest common factor of 1 and n.
1
Let r be 2/7 - 57/(-21). Suppose -r*k + 8 = -k. Let l = 6 + k. What is the greatest common divisor of l and 90?
10
Let i = -3 - 2. Let w be 1/i - (-224)/20. Let y = -25 - -26. Calculate the greatest common divisor of y and w.
1
Let r(u) = -u**3 - u - 6. Let i be r(0). Let w be 3/i*2 + 3. What is the highest common factor of 8 and w?
2
Suppose 0 = -2*y + 10, -3*k + 3*y - 44 = -131. Let o = 47 + 4. What is the highest common divisor of o and k?
17
Let q be (3/4)/((-2)/(-24)). Suppose d = 3*z - q, -5*z = 3*d + 1 - 16. Suppose d*y = -4*y + 44. Calculate the greatest common factor of y and 33.
11
Suppose 62 = 4*q + 2*m, -4*q - 4*m + 34 = -26. What is the highest common divisor of q and 12?
4
Suppose 0 = -0*s - 2*s + 60. Suppose 3*z - z + 32 = 4*o, -3*z = -3*o + 18. What is the greatest common factor of s and o?
10
Let g = -15 + 47. Let u = g - -8. Let x(i) = -i - 1. Let v be x(-6). What is the greatest common factor of v and u?
5
Suppose v - 2 = 0, -3*v + 58 = 4*t - 4*v. Calculate the greatest common factor of t and 135.
15
Suppose 0*u + 78 = 3*u. Suppose 238 = -2*t + 316. Calculate the greatest common divisor of u and t.
13
Suppose k = 2*k - 34. Let b = 383 + -213. Let n be (b/4)/((-2)/(-4)). Calculate the highest common divisor of k and n.
17
Let f be (-8)/36 - 804/27. Let o = f - -140. Calculate the greatest common divisor of 10 and o.
10
Let k = -3 - -1. Let r be (k/4)/(2/(-4)). Let i be -8*(r + 7/(-2)). Calculate the highest common divisor of i and 50.
10
Let p be (2 + -2 + 2)*(13 + -11). Calculate the greatest common divisor of p and 12.
4
Let t be 37 - 12/(2 - -1). What is the greatest common factor of 11 and t?
11
Suppose 2*d = -2*d + 16. Calculate the highest common divisor of d and 44.
4
Let a be 6/2 + (-2)/(-2). Suppose -2*l - 5*y = -39, 2 = a*y - 2*y. Let h be (2/(-4))/(1/(-170)). Calculate the greatest common divisor of h and l.
17
Suppose -5*i + 45 = -5*d, -2*d - 2*d = 0. Suppose 5*l - 5*u = 6*l - 29, 4*l - 20 = 4*u. What is the greatest common factor of i and l?
9
Let k(n) be the first derivative of n**4/4 - 10*n**3/3 - 7*n**2/2 - 8*n + 1. Let p be k(11). Calculate the highest common divisor of 9 and p.
9
Let w(t) = t + 10. Let s be w(-7). Let r be (-24)/10*(-10)/s. Suppose 5*l - 3*x - 185 = -0*x, 4*l + x = 165. What is the highest common factor of r and l?
8
Let r(a) = -a**2 + a + 4. Let v be r(0). Let s be 4/6*(-1 + v). Let y = 10 - s. Calculate the highest common divisor of y and 40.
8
Suppose 224 = 11*m - 84. What is the highest common factor of m and 210?
14
Let y be 2/(-3)*11/(22/(-30)). Calculate the greatest common factor of y and 8.
2
Let h = 3 + 13. Calculate the greatest common divisor of 80 and h.
16
Let a(r) = 11*r - 42. Let d be a(4). Let w = -25 - -41. What is the greatest common divisor of d and w?
2
Let g = -16 - -1. Let c = g + 28. Let q be 13*(1 + -1 + 1). What is the highest common factor of c and q?
13
Suppose -5*r = -7*r, -5*m + 5*r + 75 = 0. What is the greatest common factor of m and 3?
3
Suppose 0 = b - 103 - 3. Suppose -2*q - 2*d + 136 = 0, 3*q - b = q + 4*d. Calculate the highest common factor of q and 42.
21
Let a be (-4)/(-10) - (-756)/10. Suppose 3*n - a - 143 = 0. Let c = n + -41. Calculate the highest common divisor of 8 and c.
8
Suppose 4*q + o = 22 + 86, q - 12 = -4*o. Let n = 3 - 0. Suppose -n*t + 210 = 2*t. Calculate the highest common factor of t and q.
14
Let y be 12 + 1 + (5 - 9). What is the greatest common factor of y and 18?
9
Let m(s) = 5*s + 13 + 8 - 4 + 0*s. Let y be m(12). What is the greatest common divisor of y and 7?
7
Suppose 11*a = 812 - 207. Calculate the highest common factor of a and 5.
5
Let r be (-16)/4 + 54 + -2. What is the greatest common factor of r and 6?
6
Suppose 17 = 5*k + 2*a, 0*a - 4 = -4*a. Suppose 4*g - 82 = -q + 83, -2*g + 65 = -k*q. What is the greatest common factor of 5 and g?
5
Let a = 39 + 9. Let f be (-6)/15 + (-396)/10. Let y = -28 - f. Calculate the highest common factor of y and a.
12
Let h = -5 - -9. Calculate the highest common divisor of h and 40.
4
Let a(g) = 5*g - 1. Let l be a(3). Let k(j) = j**3 + 6*j**2 - 4*j + 4. Let n be k(-6). What is the greatest common factor of l and n?
14
Suppose 0 = -y + 5*y - 48. Calculate the highest common divisor of 12 and y.
12
Suppose 14 = 3*z - 52. Suppose 0 = -4*v + v + 99. Calculate the greatest common divisor of z and v.
11
Let t = 4 - -50. Suppose 0*c - 2*c + 11 = b, 0 = -5*b - 3*c + 20. Let s be 4/1 - (b + -3). Calculate the highest common factor of s and t.
6
Let i be ((-8)/(-8) - 1) + 0 + 14. Calculate the greatest common factor of 14 and i.
14
Let u = -1 - -8. Suppose 2*g + 3*s + 0*s = 10, -5*s = 5*g - 30. Suppose -r + g = -u. Calculate the greatest common factor of 10 and r.
5
Suppose 0 = 3*k - 3*p - 120, -3*k + 2*p = -0*p - 124. What is the greatest common factor of 11 and k?
11
Suppose -4*i = -5*a + 300, -6*a + a = 4*i - 300. Calculate the greatest common divisor of a and 6.
6
Let z(b) = -b**3 - 4*b**2 + 6*b - 7. Let u be z(-6). What is the greatest common divisor of 203 and u?
29
Suppose -4*x - 4 - 2 = -a, -a - 5*x = -6. Let r = -15 + 30. What is the highest common divisor of a and r?
3
Suppose -5*i + 84 = 4*f, -2*i - 2*i = f - 32. Let d be ((-4)/7)/(102/(-14) - -7). Calculate the highest common divisor of d and f.
2
Let s = 40 + -58. Let z = 38 + s. Suppose u + 4*g = -g + 13, -2*u + z = 4*g. Calculate the greatest common divisor of 20 and u.
4
Suppose 0*n - 63 = -n. Let m(p) =